tors of g(-5).
11, 37
Let s(d) = -44*d - 172. Let k be s(-4). Suppose -37 = -2*z + f + 12, -5*f = 2*z - 67. Let g = z - k. List the prime factors of g.
2, 11
Suppose 28 + 16 = z. Let j = z - 25. List the prime factors of 57/1*19/j.
3, 19
Suppose -15*x + 5*x + 220 = 0. Suppose -5*y = x - 2. What are the prime factors of 5 + 6/y*-54?
2, 43
Let r be (9405/180)/(2/(-192)). What are the prime factors of ((r/30)/(-1))/((-4)/(-10))?
2, 11, 19
Let j(y) = -15*y - 39 + 17 - 23. What are the prime factors of j(-11)?
2, 3, 5
Suppose 0 = -3*m - g + 19011, -391*g + 394*g = -3*m + 19029. List the prime factors of m.
2, 3167
Suppose -982720 = -97*o + 17*o. What are the prime factors of o?
2, 37, 83
Let a(j) = -j**3 + 22*j**2 - 18*j - 11. Let v be 12/2*(-410)/(-123). List the prime factors of a(v).
3, 11, 13
Let f = 381 - 244. Suppose 5*r + 7 - f = 0. List the prime factors of r.
2, 13
Let f be (-1)/(-4) - 2486/88. What are the prime factors of (-7485)/(-12) - (10 + 259/f)?
7, 89
Suppose -4*u = 5*l - 59 + 24, 6 = 3*u - 3*l. Suppose 4*f - 2*n - 2093 = -357, u*n = f - 452. What are the prime factors of f?
2, 3
Let i = -3035 + 1165. Let n = -503 - i. List the prime factors of n.
1367
Let i(u) = 14*u**2 - 12*u - 40. Let b be i(13). Suppose -13*s = -b - 5539. List the prime factors of s.
593
Let i = 186 + -183. Let g(p) = 12*p**2 + 2*p - 4. List the prime factors of g(i).
2, 5, 11
Suppose 12*l + 3343 = -2777. Let i = l - -729. List the prime factors of i.
3, 73
Let f = 2188 - 935. What are the prime factors of f?
7, 179
Let n(o) be the second derivative of -89/6*o**3 + 16*o - 3*o**2 + 0. List the prime factors of n(-2).
2, 43
Let y(r) = -25*r - 18. Suppose -3*j = -5*n + 47, -2*n = 9*j - 5*j + 80. What are the prime factors of y(j)?
457
Let a(v) = 3*v - 18. Suppose -2 + 2 = 8*t. Suppose -2*c + 3 + 21 = t. What are the prime factors of a(c)?
2, 3
Suppose g + 13 = 2*g. Let q(o) = o + 4. Let h(r) = 3*r + 9. Let p(i) = h(i) + q(i). List the prime factors of p(g).
5, 13
Let u = 262 - 176. Suppose -4*r + 26 = b, 3*b + 4*r = -b + 44. Suppose -b*i + u = -130. List the prime factors of i.
2, 3
Let i = -4307 - -13882. List the prime factors of i.
5, 383
Let h(q) = -10*q**3 - 13*q**2 - 25*q + 5. Let p be h(-6). Suppose 23*z - 2247 = p. What are the prime factors of z?
2, 89
Suppose 5*z + 3*l - 63191 = 0, z = 2*l + 7050 + 5583. What are the prime factors of z?
12637
Let v be 20 + 3*4/6. Suppose v*x + 6006 = 33*x. List the prime factors of x.
2, 3, 7, 13
Let u(p) = 12*p**2 + 8*p - 34. Let w be u(14). Suppose -w - 838 = -4*s. Suppose 8*z - s - 199 = 0. List the prime factors of z.
127
Let j(k) = 302*k - 138. What are the prime factors of j(11)?
2, 199
Suppose 0 = -0*j - 5*j + 25. Suppose j*v + 305 = 5*s, -3*v - 4 = -2*v. Let u = s + 196. List the prime factors of u.
11, 23
Suppose -s = -4*d - 18911, 3*d + 94453 = -4*s + 9*s. What are the prime factors of s?
11, 17, 101
Let t(i) = -1212*i - 83. What are the prime factors of t(-2)?
2341
Let x(y) = 3887*y**2 + 25*y + 74. What are the prime factors of x(-4)?
2, 3, 13, 797
Suppose -1 = -3*s - 2*d, 3*s = 5*s + 2*d + 2. Suppose -8*y + s*y = -4*v - 4337, v = -4*y + 3478. List the prime factors of y.
11, 79
Suppose 4*o - 2001 = 5*z, 2*o - 4*o + 983 = z. Let u = -330 + o. What are the prime factors of u?
2, 41
Suppose -15 = -7*k + 27. Let w = 6 - k. List the prime factors of ((1 - -2) + w)*(-95)/(-3).
5, 19
Suppose 0*o + 4*o = -5*j + 46, -o = 2*j - 16. Let m(d) = -11*d**3 - 6*d**3 - j*d - 20 - 12 + 16*d**3 + 14*d**2. List the prime factors of m(13).
59
Suppose -13*j - 24468 + 92064 = -14382. What are the prime factors of j?
2, 3, 1051
Let w(t) be the third derivative of -t**4/12 - 2*t**3/3 - t**2. Let y be w(-4). Suppose 0 = y*n - 12 - 48. List the prime factors of n.
3, 5
Let f(a) = 350*a + 1. Let t(p) = 117*p + 1. Let u(s) = -4*f(s) + 11*t(s). What are the prime factors of u(-4)?
3, 17
Let u(o) = -7*o - 18. Let b = -38 + 39. Let q = -5 + b. List the prime factors of u(q).
2, 5
Let b = -670 - -3818. List the prime factors of b.
2, 787
Suppose 46*d - 255 = 45*d. Suppose -38*n = -37*n - d. What are the prime factors of n?
3, 5, 17
List the prime factors of (-237490)/(-25) + (684/60 - 10).
3, 3167
Suppose 61 = -4*l - 71. List the prime factors of (6/(-3) + -150)*l/11.
2, 3, 19
Suppose 6*d = 2*d - 156. Let u = 50 + d. Suppose u = -3*b + 2*m + 85, -b + 34 = -3*m. List the prime factors of b.
2, 11
Let o(c) = c**2 + c - 39. Let n be o(6). List the prime factors of 127450/200 + n/4.
2, 11, 29
Let c(f) = 7*f**3 - 2*f**2 - 7*f + 5. Suppose 0 = -4*s - 16, -6*s - 147 = m - s. Let p = 129 + m. List the prime factors of c(p).
3, 13
Suppose 0 = 5*n - a + 101, 0 = -4*n - a - 9 - 70. Let i(w) = 3*w**2 + 61*w + 30. List the prime factors of i(n).
2, 5
Suppose 0 = 5*q - 33 + 253. Let k = q + 102. Suppose 0 = -4*o + 8, -2*o - k = -a - 15. List the prime factors of a.
47
Let i(f) = f - 4. Let s be i(4). Suppose s = -3*z - 8 + 29. Suppose 2*x + 63 = 4*o + z*x, 0 = 4*x - 12. List the prime factors of o.
2, 3
Suppose 4*z - 5*d + 87 = 0, 64*d + 3 = 65*d. Let r be 40/6*(-30)/(-4). Let i = r + z. List the prime factors of i.
2
Suppose 21*k - 5*k + 2*k = 391176. What are the prime factors of k?
2, 3, 1811
Suppose 0 = a + 236 - 226. What are the prime factors of (-6)/a - ((-6620)/50 - 7)?
2, 5, 7
Suppose -47*r + 12017 = -29249. Suppose 3*y - 1337 = 2*j, y + 4*j + r = 3*y. List the prime factors of y.
449
Let r = 1538 + -883. Let a = 1109 - r. List the prime factors of a.
2, 227
Let l = 89 + -87. Suppose l*w + 0*w = 174. Suppose w = 50*h - 47*h. List the prime factors of h.
29
Let s(m) = 3*m - 38. Let y be s(16). Suppose 0*x + 377 = 2*x + o, 2*o = y. Let b = x + -109. List the prime factors of b.
7, 11
Let w = -17098 + 25521. What are the prime factors of w?
8423
Suppose 3*r = 5*z + 2*r - 21, 3*z - 11 = -r. Suppose 5*t = z*o + 2946, -4*t + 0*o + 2363 = 3*o. List the prime factors of t.
2, 5, 59
Let h be (-3)/(-2)*(-35928)/(-54) - -3. Suppose 0 = 996*x - h*x + 4020. List the prime factors of x.
2, 3, 67
Let r = -237 + 235. Let f(s) = 140*s**2 + 2*s + 1. List the prime factors of f(r).
557
Let x be 12/(-3)*1 - -4. Suppose -5*v + 25 = x, 5*o + 2*v = -v + 1595. List the prime factors of o.
2, 79
Let h = -179 + 181. Suppose 3*z = 3*d + 8*z - 641, 4*d - 878 = -h*z. List the prime factors of d.
2, 3, 37
Suppose -10*l = 8*l - 90. Suppose l*j + j = 1206. Suppose -f = 4*r - j, 4*r - 2*f - 148 = r. List the prime factors of r.
2, 5
Let n be (-1)/(-7) - 1202/(-14). Suppose 0 = -j - 2*l + 10, 0 = -5*j + l + n - 3. Suppose 230 = -11*c + j*c. What are the prime factors of c?
2, 23
Let q be ((0/(-1))/3)/2. Suppose 7*h - 20*h - 39 = q. List the prime factors of (-6)/9 + h + 611/3.
2, 5
Suppose -58024 - 14716 = 20*q. List the prime factors of 6/(-24) - (-3 + q/4).
2, 3, 19
What are the prime factors of (-1 + 17886/4)/(189/378)?
8941
Let x(l) = -34*l**3 - 15*l - 14. Let j be x(-1). Suppose 5*i - j*w - 617 = -37*w, -3*i + 3*w = -366. List the prime factors of i.
3, 41
Let n(o) be the third derivative of -o**6/120 - 17*o**5/30 - o**4/4 - 17*o**3/2 - 53*o**2. List the prime factors of n(-34).
3, 17
Let u = -237 + 240. Suppose 0 = u*c - 3, -g + 2*g - 202 = -c. List the prime factors of g.
3, 67
Let k = 4791 - -794. What are the prime factors of k?
5, 1117
Let q be (2166/(-9))/(((-28)/(-21))/(-2)). Suppose -q*s + 355*s + 8106 = 0. List the prime factors of s.
7, 193
Suppose -3*b + 12 = 36. What are the prime factors of (-2122)/(-4) + (2 - 6)/b?
3, 59
Let q(a) = -249*a + 10. Let k(o) = 5*o**2 - 49*o - 14. Let i be k(10). What are the prime factors of q(i)?
2, 503
Suppose 148*b + 16 = 156*b. Suppose -n - 5*w + 2*w + 319 = 0, 0 = b*n + 5*w - 639. What are the prime factors of n?
2, 7, 23
Suppose -48 = -11*l - l. Suppose 2 = -2*m - 2*c + 8, c - 15 = -l*m. Suppose -m*r + 302 = -2*r. What are the prime factors of r?
151
Let l(u) = 59*u**2 - 13*u - 225. What are the prime factors of l(15)?
3, 5, 857
Let k = -99 + 224. Let y = k + 29. Suppose 2*c - 4*b = -b + y, 0 = -5*c + b + 398. List the prime factors of c.
2, 5
Let c be 132/(-8)*(-3)/((-6)/4). Let s be 5/(-25) - 1492/(-10). Let a = s + c. What are the prime factors of a?
2, 29
Suppose 0*t + 799 = t. Let k(l) = -32*l + 9*l - 5 + t*l**2 - 80